 divided by 6?
5
Calculate the remainder when 259 is divided by 3.
1
Calculate the remainder when 44 is divided by 18.
8
What is the remainder when 3251 is divided by 10?
1
What is the remainder when 2925 is divided by 422?
393
Calculate the remainder when 1106 is divided by 73.
11
Calculate the remainder when 5635 is divided by 1878.
1
What is the remainder when 30 is divided by 11?
8
Calculate the remainder when 1295 is divided by 134.
89
What is the remainder when 6729 is divided by 18?
15
What is the remainder when 1957 is divided by 78?
7
What is the remainder when 179 is divided by 27?
17
Calculate the remainder when 107 is divided by 3.
2
Calculate the remainder when 427 is divided by 30.
7
What is the remainder when 305 is divided by 24?
17
What is the remainder when 176 is divided by 33?
11
Calculate the remainder when 922 is divided by 42.
40
What is the remainder when 3574 is divided by 211?
198
Calculate the remainder when 24292 is divided by 13.
8
Calculate the remainder when 51 is divided by 18.
15
Calculate the remainder when 368 is divided by 53.
50
What is the remainder when 286 is divided by 32?
30
What is the remainder when 1182 is divided by 10?
2
Calculate the remainder when 542 is divided by 17.
15
What is the remainder when 1220 is divided by 9?
5
What is the remainder when 1717 is divided by 10?
7
What is the remainder when 34 is divided by 17?
0
What is the remainder when 10935 is divided by 32?
23
Calculate the remainder when 118 is divided by 27.
10
Calculate the remainder when 200 is divided by 13.
5
What is the remainder when 2238 is divided by 205?
188
Calculate the remainder when 2159 is divided by 15.
14
What is the remainder when 609 is divided by 18?
15
Calculate the remainder when 26 is divided by 6.
2
What is the remainder when 733 is divided by 183?
1
What is the remainder when 950 is divided by 80?
70
What is the remainder when 194 is divided by 11?
7
Calculate the remainder when 5633 is divided by 2811.
11
What is the remainder when 2417 is divided by 10?
7
What is the remainder when 206 is divided by 70?
66
What is the remainder when 484 is divided by 82?
74
What is the remainder when 112 is divided by 28?
0
Calculate the remainder when 44 is divided by 9.
8
Calculate the remainder when 561 is divided by 27.
21
Calculate the remainder when 657 is divided by 15.
12
What is the remainder when 64 is divided by 15?
4
Calculate the remainder when 444 is divided by 112.
108
Calculate the remainder when 4133 is divided by 78.
77
Calculate the remainder when 77 is divided by 39.
38
What is the remainder when 349 is divided by 50?
49
Calculate the remainder when 37 is divided by 13.
11
What is the remainder when 3590 is divided by 58?
52
What is the remainder when 116 is divided by 11?
6
Calculate the remainder when 5374 is divided by 10.
4
What is the remainder when 591 is divided by 212?
167
What is the remainder when 684 is divided by 98?
96
What is the remainder when 5771 is divided by 170?
161
Calculate the remainder when 1100 is divided by 92.
88
Calculate the remainder when 73 is divided by 34.
5
Calculate the remainder when 390 is divided by 50.
40
Calculate the remainder when 1117 is divided by 301.
214
Calculate the remainder when 5639 is divided by 57.
53
Calculate the remainder when 718 is divided by 221.
55
What is the remainder when 3622 is divided by 25?
22
What is the remainder when 36 is divided by 9?
0
What is the remainder when 80 is divided by 10?
0
Calculate the remainder when 245 is divided by 57.
17
What is the remainder when 946 is divided by 301?
43
Calculate the remainder when 144 is divided by 129.
15
Calculate the remainder when 325 is divided by 104.
13
Calculate the remainder when 1680 is divided by 285.
255
Calculate the remainder when 579 is divided by 39.
33
Calculate the remainder when 1225 is divided by 407.
4
Calculate the remainder when 489 is divided by 70.
69
Calculate the remainder when 3116 is divided by 24.
20
What is the remainder when 563 is divided by 85?
53
Calculate the remainder when 439 is divided by 25.
14
Calculate the remainder when 636 is divided by 209.
9
Calculate the remainder when 22 is divided by 10.
2
Calculate the remainder when 424 is divided by 72.
64
Calculate the remainder when 20285 is divided by 228.
221
What is the remainder when 888 is divided by 33?
30
What is the remainder when 48 is divided by 31?
17
What is the remainder when 1479 is divided by 358?
47
What is the remainder when 2437 is divided by 46?
45
What is the remainder when 285 is divided by 101?
83
Calculate the remainder when 31 is divided by 5.
1
Calculate the remainder when 3532 is divided by 32.
12
What is the remainder when 15594 is divided by 3896?
10
Calculate the remainder when 93 is divided by 1.
0
What is the remainder when 1004 is divided by 38?
16
What is the remainder when 152 is divided by 9?
8
What is the remainder when 309 is divided by 293?
16
Calculate the remainder when 399 is divided by 67.
64
What is the remainder when 699 is divided by 25?
24
Calculate the remainder when 1555 is divided by 38.
35
Calculate the remainder when 229 is divided by 12.
1
What is the remainder when 12989 is divided by 14?
11
Calculate the remainder when 167 is divided by 46.
29
Calculate the remainder when 313 is divided by 71.
29
What is the remainder when 758 is divided by 199?
161
What is the remainder when 649 is divided by 210?
19
What is the remainder when 280 is divided by 99?
82
Calculate the remainder when 84 is divided by 16.
4
What is the remainder when 41 is divided by 10?
1
What is the remainder when 81 is divided by 14?
11
What is the remainder when 311 is divided by 116?
79
What is the remainder when 1115 is divided by 124?
123
Calculate the remainder when 67 is divided by 23.
21
What is the remainder when 26 is divided by 14?
12
Calculate the remainder when 235 is divided by 37.
13
Calculate the remainder when 3339 is divided by 374.
347
Calculate the remainder when 95 is divided by 43.
9
Calculate the remainder when 644 is divided by 38.
36
What is the remainder when 140 is divided by 72?
68
Calculate the remainder when 1872 is divided by 150.
72
Calculate the remainder when 5512 is divided by 918.
4
Calculate the remainder when 753 is divided by 222.
87
Calculate the remainder when 273 is divided by 81.
30
Calculate the remainder when 208 is divided by 30.
28
Calculate the remainder when 1532 is divided by 73.
72
Calculate the remainder when 1429 is divided by 695.
39
What is the remainder when 226 is divided by 81?
64
Calculate the remainder when 377 is divided by 33.
14
Calculate the remainder when 387 is divided by 15.
12
Calculate the remainder when 367 is divided by 267.
100
Calculate the remainder when 1024 is divided by 205.
204
What is the remainder when 331 is divided by 15?
1
What is the remainder when 86 is divided by 40?
6
What is the remainder when 868 is divided by 415?
38
What is the remainder when 780 is divided by 194?
4
What is the remainder when 145 is divided by 46?
7
Calculate the remainder when 53854 is divided by 16.
14
Calculate the remainder when 13 is divided by 5.
3
What is the remainder when 277 is divided by 126?
25
What is the remainder when 303 is divided by 75?
3
What is the remainder when 249 is divided by 28?
25
What is the remainder when 1861 is divided by 435?
121
What is the remainder when 629 is divided by 16?
5
Calculate the remainder when 1985 is divided by 221.
217
What is the remainder when 175 is divided by 65?
45
What is the remainder when 58 is divided by 4?
2
Calculate the remainder when 235 is divided by 36.
19
Calculate the remainder when 149 is divided by 112.
37
Calculate the remainder when 80 is divided by 32.
16
Calculate the remainder when 57 is divided by 12.
9
What is the remainder when 258 is divided by 44?
38
Calculate the remainder when 117 is divided by 74.
43
Calculate the remainder when 119 is divided by 6.
5
What is the remainder when 72 is divided by 28?
16
What is the remainder when 425 is divided by 190?
45
What is the remainder when 32 is divided by 19?
13
What is the remainder when 1889 is divided by 44?
41
What is the remainder when 8453 is divided by 14?
11
What is the remainder when 119 is divid